{"id":35,"date":"2025-04-29T11:13:48","date_gmt":"2025-04-29T11:13:48","guid":{"rendered":"https:\/\/viajes5oceanos.bytefysolutions.es\/?page_id=35"},"modified":"2025-05-09T10:14:32","modified_gmt":"2025-05-09T10:14:32","slug":"inicio","status":"publish","type":"page","link":"https:\/\/viajes5oceanos.bytefysolutions.es\/","title":{"rendered":"Inicio"},"content":{"rendered":"\t\t<div data-elementor-type=\"wp-page\" data-elementor-id=\"35\" class=\"elementor elementor-35\" data-elementor-post-type=\"page\">\n\t\t\t\t<div class=\"elementor-element elementor-element-e4f0c77 e-flex e-con-boxed e-con e-parent\" data-id=\"e4f0c77\" data-element_type=\"container\" data-settings=\"{&quot;background_background&quot;:&quot;classic&quot;}\">\n\t\t\t\t\t<div class=\"e-con-inner\">\n\t\t\t\t<div class=\"elementor-element elementor-element-e80e36a elementor-widget elementor-widget-heading\" data-id=\"e80e36a\" data-element_type=\"widget\" data-widget_type=\"heading.default\">\n\t\t\t\t<div class=\"elementor-widget-container\">\n\t\t\t\t\t<h2 class=\"elementor-heading-title elementor-size-default\">\u00bfGanas de<br> conocer el mundo?<\/h2>\t\t\t\t<\/div>\n\t\t\t\t<\/div>\n\t\t\t\t\t<\/div>\n\t\t\t\t<\/div>\n\t\t<div class=\"elementor-element elementor-element-fca7bec e-flex e-con-boxed e-con e-parent\" data-id=\"fca7bec\" data-element_type=\"container\" data-settings=\"{&quot;background_background&quot;:&quot;classic&quot;}\">\n\t\t\t\t\t<div class=\"e-con-inner\">\n\t\t\t\t<div class=\"elementor-element elementor-element-1f51c26 elementor-widget elementor-widget-heading\" data-id=\"1f51c26\" data-element_type=\"widget\" data-widget_type=\"heading.default\">\n\t\t\t\t<div class=\"elementor-widget-container\">\n\t\t\t\t\t<h2 class=\"elementor-heading-title elementor-size-default\">SERVICIOS<\/h2>\t\t\t\t<\/div>\n\t\t\t\t<\/div>\n\t\t\t\t<div class=\"elementor-element elementor-element-dd7d7fe elementor-widget elementor-widget-image\" data-id=\"dd7d7fe\" data-element_type=\"widget\" data-widget_type=\"image.default\">\n\t\t\t\t<div class=\"elementor-widget-container\">\n\t\t\t\t\t\t\t\t\t\t\t\t\t\t\t<img fetchpriority=\"high\" decoding=\"async\" width=\"800\" height=\"213\" src=\"https:\/\/viajes5oceanos.bytefysolutions.es\/wp-content\/uploads\/2025\/05\/servicios-home-1024x273.png\" class=\"attachment-large size-large wp-image-259\" alt=\"\" srcset=\"https:\/\/viajes5oceanos.bytefysolutions.es\/wp-content\/uploads\/2025\/05\/servicios-home-1024x273.png 1024w, https:\/\/viajes5oceanos.bytefysolutions.es\/wp-content\/uploads\/2025\/05\/servicios-home-300x80.png 300w, https:\/\/viajes5oceanos.bytefysolutions.es\/wp-content\/uploads\/2025\/05\/servicios-home-768x205.png 768w, https:\/\/viajes5oceanos.bytefysolutions.es\/wp-content\/uploads\/2025\/05\/servicios-home-1536x409.png 1536w, https:\/\/viajes5oceanos.bytefysolutions.es\/wp-content\/uploads\/2025\/05\/servicios-home.png 2020w\" sizes=\"(max-width: 800px) 100vw, 800px\" \/>\t\t\t\t\t\t\t\t\t\t\t\t\t\t\t<\/div>\n\t\t\t\t<\/div>\n\t\t\t\t\t<\/div>\n\t\t\t\t<\/div>\n\t\t<div class=\"elementor-element elementor-element-fdba2a6 e-flex e-con-boxed e-con e-parent\" data-id=\"fdba2a6\" data-element_type=\"container\">\n\t\t\t\t\t<div class=\"e-con-inner\">\n\t\t\t\t<div class=\"elementor-element elementor-element-7481cf4 elementor-widget elementor-widget-heading\" data-id=\"7481cf4\" data-element_type=\"widget\" data-widget_type=\"heading.default\">\n\t\t\t\t<div class=\"elementor-widget-container\">\n\t\t\t\t\t<h2 class=\"elementor-heading-title elementor-size-default\">PR\u00d3XIMOS DESTINOS<\/h2>\t\t\t\t<\/div>\n\t\t\t\t<\/div>\n\t\t\t\t\t<\/div>\n\t\t\t\t<\/div>\n\t\t<div class=\"elementor-element elementor-element-0f40c95 e-flex e-con-boxed e-con e-parent\" data-id=\"0f40c95\" data-element_type=\"container\" data-settings=\"{&quot;background_background&quot;:&quot;classic&quot;}\">\n\t\t\t\t\t<div class=\"e-con-inner\">\n\t\t\t\t<div class=\"elementor-element elementor-element-f499f61 elementor-widget elementor-widget-jet-listing-grid\" data-id=\"f499f61\" data-element_type=\"widget\" data-settings=\"{&quot;columns&quot;:&quot;4&quot;,&quot;columns_tablet&quot;:&quot;2&quot;,&quot;columns_mobile&quot;:&quot;1&quot;}\" data-widget_type=\"jet-listing-grid.default\">\n\t\t\t\t<div class=\"elementor-widget-container\">\n\t\t\t\t\t<div class=\"jet-listing-grid jet-listing\"><div class=\"jet-listing-grid__items grid-col-desk-4 grid-col-tablet-2 grid-col-mobile-1 jet-listing-grid--141\" data-queried-id=\"35|WP_Post\" data-nav=\"{&quot;enabled&quot;:false,&quot;type&quot;:null,&quot;more_el&quot;:null,&quot;query&quot;:[],&quot;widget_settings&quot;:{&quot;lisitng_id&quot;:141,&quot;posts_num&quot;:4,&quot;columns&quot;:4,&quot;columns_tablet&quot;:2,&quot;columns_mobile&quot;:1,&quot;column_min_width&quot;:240,&quot;column_min_width_tablet&quot;:240,&quot;column_min_width_mobile&quot;:240,&quot;inline_columns_css&quot;:false,&quot;is_archive_template&quot;:&quot;&quot;,&quot;post_status&quot;:[&quot;publish&quot;],&quot;use_random_posts_num&quot;:&quot;&quot;,&quot;max_posts_num&quot;:9,&quot;not_found_message&quot;:&quot;No data was found&quot;,&quot;is_masonry&quot;:false,&quot;equal_columns_height&quot;:&quot;&quot;,&quot;use_load_more&quot;:&quot;&quot;,&quot;load_more_id&quot;:&quot;&quot;,&quot;load_more_type&quot;:&quot;click&quot;,&quot;load_more_offset&quot;:{&quot;unit&quot;:&quot;px&quot;,&quot;size&quot;:0,&quot;sizes&quot;:[]},&quot;use_custom_post_types&quot;:&quot;&quot;,&quot;custom_post_types&quot;:[],&quot;hide_widget_if&quot;:&quot;&quot;,&quot;carousel_enabled&quot;:&quot;&quot;,&quot;slides_to_scroll&quot;:&quot;1&quot;,&quot;arrows&quot;:&quot;true&quot;,&quot;arrow_icon&quot;:&quot;fa fa-angle-left&quot;,&quot;dots&quot;:&quot;&quot;,&quot;autoplay&quot;:&quot;true&quot;,&quot;pause_on_hover&quot;:&quot;true&quot;,&quot;autoplay_speed&quot;:5000,&quot;infinite&quot;:&quot;true&quot;,&quot;center_mode&quot;:&quot;&quot;,&quot;effect&quot;:&quot;slide&quot;,&quot;speed&quot;:500,&quot;inject_alternative_items&quot;:&quot;&quot;,&quot;injection_items&quot;:[],&quot;scroll_slider_enabled&quot;:&quot;&quot;,&quot;scroll_slider_on&quot;:[&quot;desktop&quot;,&quot;tablet&quot;,&quot;mobile&quot;],&quot;custom_query&quot;:false,&quot;custom_query_id&quot;:&quot;&quot;,&quot;_element_id&quot;:&quot;&quot;,&quot;collapse_first_last_gap&quot;:false,&quot;list_items_wrapper_tag&quot;:&quot;div&quot;,&quot;list_item_tag&quot;:&quot;div&quot;,&quot;empty_items_wrapper_tag&quot;:&quot;div&quot;}}\" data-page=\"1\" data-pages=\"2\" data-listing-source=\"posts\" data-listing-id=\"141\" data-query-id=\"\"><div class=\"jet-listing-grid__item jet-listing-dynamic-post-201\" data-post-id=\"201\" ><style type=\"text\/css\">.jet-listing-dynamic-post-201 .elementor-element.elementor-element-b28a51b:not(.elementor-motion-effects-element-type-background), .jet-listing-dynamic-post-201 .elementor-element.elementor-element-b28a51b > .elementor-motion-effects-container > .elementor-motion-effects-layer{background-image:url(\"https:\/\/viajes5oceanos.bytefysolutions.es\/wp-content\/uploads\/2025\/05\/Valencia.png\");}<\/style>\t\t<div data-elementor-type=\"jet-listing-items\" data-elementor-id=\"141\" class=\"elementor elementor-141\" data-elementor-post-type=\"jet-engine\">\n\t\t\t\t<div class=\"elementor-element elementor-element-b28a51b e-flex e-con-boxed e-con e-parent\" data-id=\"b28a51b\" data-element_type=\"container\" data-settings=\"{&quot;background_background&quot;:&quot;classic&quot;}\">\n\t\t\t\t\t<div class=\"e-con-inner\">\n\t\t<div class=\"elementor-element elementor-element-a3b2c12 e-con-full e-flex e-con e-child\" data-id=\"a3b2c12\" data-element_type=\"container\">\n\t\t\t\t<div class=\"elementor-element elementor-element-5347c40 elementor-widget elementor-widget-jet-listing-dynamic-field\" data-id=\"5347c40\" data-element_type=\"widget\" data-widget_type=\"jet-listing-dynamic-field.default\">\n\t\t\t\t<div class=\"elementor-widget-container\">\n\t\t\t\t\t<div class=\"jet-listing jet-listing-dynamic-field display-inline\"><div class=\"jet-listing-dynamic-field__inline-wrap\"><div class=\"jet-listing-dynamic-field__content\">Valencia<\/div><\/div><\/div>\t\t\t\t<\/div>\n\t\t\t\t<\/div>\n\t\t\t\t<div class=\"elementor-element elementor-element-a032657 elementor-widget elementor-widget-jet-listing-dynamic-field\" data-id=\"a032657\" data-element_type=\"widget\" data-widget_type=\"jet-listing-dynamic-field.default\">\n\t\t\t\t<div class=\"elementor-widget-container\">\n\t\t\t\t\t<div class=\"jet-listing jet-listing-dynamic-field display-inline\"><div class=\"jet-listing-dynamic-field__inline-wrap\"><div class=\"jet-listing-dynamic-field__content\">1-15 Julio<\/div><\/div><\/div>\t\t\t\t<\/div>\n\t\t\t\t<\/div>\n\t\t\t\t<\/div>\n\t\t\t\t\t<\/div>\n\t\t\t\t<\/div>\n\t\t\t\t<\/div>\n\t\t<\/div><div class=\"jet-listing-grid__item jet-listing-dynamic-post-200\" data-post-id=\"200\" ><style type=\"text\/css\">.jet-listing-dynamic-post-200 .elementor-element.elementor-element-b28a51b:not(.elementor-motion-effects-element-type-background), .jet-listing-dynamic-post-200 .elementor-element.elementor-element-b28a51b > .elementor-motion-effects-container > .elementor-motion-effects-layer{background-image:url(\"https:\/\/viajes5oceanos.bytefysolutions.es\/wp-content\/uploads\/2025\/05\/Hawai.png\");}<\/style>\t\t<div data-elementor-type=\"jet-listing-items\" data-elementor-id=\"141\" class=\"elementor elementor-141\" data-elementor-post-type=\"jet-engine\">\n\t\t\t\t<div class=\"elementor-element elementor-element-b28a51b e-flex e-con-boxed e-con e-parent\" data-id=\"b28a51b\" data-element_type=\"container\" data-settings=\"{&quot;background_background&quot;:&quot;classic&quot;}\">\n\t\t\t\t\t<div class=\"e-con-inner\">\n\t\t<div class=\"elementor-element elementor-element-a3b2c12 e-con-full e-flex e-con e-child\" data-id=\"a3b2c12\" data-element_type=\"container\">\n\t\t\t\t<div class=\"elementor-element elementor-element-5347c40 elementor-widget elementor-widget-jet-listing-dynamic-field\" data-id=\"5347c40\" data-element_type=\"widget\" data-widget_type=\"jet-listing-dynamic-field.default\">\n\t\t\t\t<div class=\"elementor-widget-container\">\n\t\t\t\t\t<div class=\"jet-listing jet-listing-dynamic-field display-inline\"><div class=\"jet-listing-dynamic-field__inline-wrap\"><div class=\"jet-listing-dynamic-field__content\">Hawaii<\/div><\/div><\/div>\t\t\t\t<\/div>\n\t\t\t\t<\/div>\n\t\t\t\t<div class=\"elementor-element elementor-element-a032657 elementor-widget elementor-widget-jet-listing-dynamic-field\" data-id=\"a032657\" data-element_type=\"widget\" data-widget_type=\"jet-listing-dynamic-field.default\">\n\t\t\t\t<div class=\"elementor-widget-container\">\n\t\t\t\t\t<div class=\"jet-listing jet-listing-dynamic-field display-inline\"><div class=\"jet-listing-dynamic-field__inline-wrap\"><div class=\"jet-listing-dynamic-field__content\">1-15 Julio<\/div><\/div><\/div>\t\t\t\t<\/div>\n\t\t\t\t<\/div>\n\t\t\t\t<\/div>\n\t\t\t\t\t<\/div>\n\t\t\t\t<\/div>\n\t\t\t\t<\/div>\n\t\t<\/div><div class=\"jet-listing-grid__item jet-listing-dynamic-post-196\" data-post-id=\"196\" ><style type=\"text\/css\">.jet-listing-dynamic-post-196 .elementor-element.elementor-element-b28a51b:not(.elementor-motion-effects-element-type-background), .jet-listing-dynamic-post-196 .elementor-element.elementor-element-b28a51b > .elementor-motion-effects-container > .elementor-motion-effects-layer{background-image:url(\"https:\/\/viajes5oceanos.bytefysolutions.es\/wp-content\/uploads\/2025\/05\/Mallorca.png\");}<\/style>\t\t<div data-elementor-type=\"jet-listing-items\" data-elementor-id=\"141\" class=\"elementor elementor-141\" data-elementor-post-type=\"jet-engine\">\n\t\t\t\t<div class=\"elementor-element elementor-element-b28a51b e-flex e-con-boxed e-con e-parent\" data-id=\"b28a51b\" data-element_type=\"container\" data-settings=\"{&quot;background_background&quot;:&quot;classic&quot;}\">\n\t\t\t\t\t<div class=\"e-con-inner\">\n\t\t<div class=\"elementor-element elementor-element-a3b2c12 e-con-full e-flex e-con e-child\" data-id=\"a3b2c12\" data-element_type=\"container\">\n\t\t\t\t<div class=\"elementor-element elementor-element-5347c40 elementor-widget elementor-widget-jet-listing-dynamic-field\" data-id=\"5347c40\" data-element_type=\"widget\" data-widget_type=\"jet-listing-dynamic-field.default\">\n\t\t\t\t<div class=\"elementor-widget-container\">\n\t\t\t\t\t<div class=\"jet-listing jet-listing-dynamic-field display-inline\"><div class=\"jet-listing-dynamic-field__inline-wrap\"><div class=\"jet-listing-dynamic-field__content\">San Sebasti\u00e1n<\/div><\/div><\/div>\t\t\t\t<\/div>\n\t\t\t\t<\/div>\n\t\t\t\t<div class=\"elementor-element elementor-element-a032657 elementor-widget elementor-widget-jet-listing-dynamic-field\" data-id=\"a032657\" data-element_type=\"widget\" data-widget_type=\"jet-listing-dynamic-field.default\">\n\t\t\t\t<div class=\"elementor-widget-container\">\n\t\t\t\t\t<div class=\"jet-listing jet-listing-dynamic-field display-inline\"><div class=\"jet-listing-dynamic-field__inline-wrap\"><div class=\"jet-listing-dynamic-field__content\">14-23 Junio<\/div><\/div><\/div>\t\t\t\t<\/div>\n\t\t\t\t<\/div>\n\t\t\t\t<\/div>\n\t\t\t\t\t<\/div>\n\t\t\t\t<\/div>\n\t\t\t\t<\/div>\n\t\t<\/div><div class=\"jet-listing-grid__item jet-listing-dynamic-post-157\" data-post-id=\"157\" ><style type=\"text\/css\">.jet-listing-dynamic-post-157 .elementor-element.elementor-element-b28a51b:not(.elementor-motion-effects-element-type-background), .jet-listing-dynamic-post-157 .elementor-element.elementor-element-b28a51b > .elementor-motion-effects-container > .elementor-motion-effects-layer{background-image:url(\"https:\/\/viajes5oceanos.bytefysolutions.es\/wp-content\/uploads\/2025\/04\/Noruega.png\");}<\/style>\t\t<div data-elementor-type=\"jet-listing-items\" data-elementor-id=\"141\" class=\"elementor elementor-141\" data-elementor-post-type=\"jet-engine\">\n\t\t\t\t<div class=\"elementor-element elementor-element-b28a51b e-flex e-con-boxed e-con e-parent\" data-id=\"b28a51b\" data-element_type=\"container\" data-settings=\"{&quot;background_background&quot;:&quot;classic&quot;}\">\n\t\t\t\t\t<div class=\"e-con-inner\">\n\t\t<div class=\"elementor-element elementor-element-a3b2c12 e-con-full e-flex e-con e-child\" data-id=\"a3b2c12\" data-element_type=\"container\">\n\t\t\t\t<div class=\"elementor-element elementor-element-5347c40 elementor-widget elementor-widget-jet-listing-dynamic-field\" data-id=\"5347c40\" data-element_type=\"widget\" data-widget_type=\"jet-listing-dynamic-field.default\">\n\t\t\t\t<div class=\"elementor-widget-container\">\n\t\t\t\t\t<div class=\"jet-listing jet-listing-dynamic-field display-inline\"><div class=\"jet-listing-dynamic-field__inline-wrap\"><div class=\"jet-listing-dynamic-field__content\">Noruega<\/div><\/div><\/div>\t\t\t\t<\/div>\n\t\t\t\t<\/div>\n\t\t\t\t<div class=\"elementor-element elementor-element-a032657 elementor-widget elementor-widget-jet-listing-dynamic-field\" data-id=\"a032657\" data-element_type=\"widget\" data-widget_type=\"jet-listing-dynamic-field.default\">\n\t\t\t\t<div class=\"elementor-widget-container\">\n\t\t\t\t\t<div class=\"jet-listing jet-listing-dynamic-field display-inline\"><div class=\"jet-listing-dynamic-field__inline-wrap\"><div class=\"jet-listing-dynamic-field__content\">2-8 Septiembre<\/div><\/div><\/div>\t\t\t\t<\/div>\n\t\t\t\t<\/div>\n\t\t\t\t<\/div>\n\t\t\t\t\t<\/div>\n\t\t\t\t<\/div>\n\t\t\t\t<\/div>\n\t\t<\/div><\/div><\/div>\t\t\t\t<\/div>\n\t\t\t\t<\/div>\n\t\t\t\t\t<\/div>\n\t\t\t\t<\/div>\n\t\t<div class=\"elementor-element elementor-element-5ac7fd1 e-flex e-con-boxed e-con e-parent\" data-id=\"5ac7fd1\" data-element_type=\"container\" data-settings=\"{&quot;background_background&quot;:&quot;classic&quot;}\">\n\t\t\t\t\t<div class=\"e-con-inner\">\n\t\t\t\t<div class=\"elementor-element elementor-element-18789ea elementor-widget elementor-widget-heading\" data-id=\"18789ea\" data-element_type=\"widget\" data-widget_type=\"heading.default\">\n\t\t\t\t<div class=\"elementor-widget-container\">\n\t\t\t\t\t<h2 class=\"elementor-heading-title elementor-size-default\">Empezamos<br> a organizar<\/h2>\t\t\t\t<\/div>\n\t\t\t\t<\/div>\n\t\t\t\t<div class=\"elementor-element elementor-element-05ec566 elementor-widget elementor-widget-heading\" data-id=\"05ec566\" data-element_type=\"widget\" data-widget_type=\"heading.default\">\n\t\t\t\t<div class=\"elementor-widget-container\">\n\t\t\t\t\t<h2 class=\"elementor-heading-title elementor-size-default\">tu pr\u00f3xima <br>escapada<\/h2>\t\t\t\t<\/div>\n\t\t\t\t<\/div>\n\t\t\t\t\t<\/div>\n\t\t\t\t<\/div>\n\t\t\t\t<\/div>\n\t\t","protected":false},"excerpt":{"rendered":"<p>\u00bfGanas de conocer el mundo? SERVICIOS PR\u00d3XIMOS DESTINOS Valencia 1-15 Julio Hawaii 1-15 Julio San Sebasti\u00e1n 14-23 Junio Noruega 2-8 Septiembre Empezamos a organizar tu pr\u00f3xima escapada<\/p>\n","protected":false},"author":1,"featured_media":0,"parent":0,"menu_order":0,"comment_status":"closed","ping_status":"closed","template":"","meta":{"footnotes":""},"class_list":["post-35","page","type-page","status-publish","hentry"],"_links":{"self":[{"href":"https:\/\/viajes5oceanos.bytefysolutions.es\/index.php\/wp-json\/wp\/v2\/pages\/35","targetHints":{"allow":["GET"]}}],"collection":[{"href":"https:\/\/viajes5oceanos.bytefysolutions.es\/index.php\/wp-json\/wp\/v2\/pages"}],"about":[{"href":"https:\/\/viajes5oceanos.bytefysolutions.es\/index.php\/wp-json\/wp\/v2\/types\/page"}],"author":[{"embeddable":true,"href":"https:\/\/viajes5oceanos.bytefysolutions.es\/index.php\/wp-json\/wp\/v2\/users\/1"}],"replies":[{"embeddable":true,"href":"https:\/\/viajes5oceanos.bytefysolutions.es\/index.php\/wp-json\/wp\/v2\/comments?post=35"}],"version-history":[{"count":103,"href":"https:\/\/viajes5oceanos.bytefysolutions.es\/index.php\/wp-json\/wp\/v2\/pages\/35\/revisions"}],"predecessor-version":[{"id":293,"href":"https:\/\/viajes5oceanos.bytefysolutions.es\/index.php\/wp-json\/wp\/v2\/pages\/35\/revisions\/293"}],"wp:attachment":[{"href":"https:\/\/viajes5oceanos.bytefysolutions.es\/index.php\/wp-json\/wp\/v2\/media?parent=35"}],"curies":[{"name":"wp","href":"https:\/\/api.w.org\/{rel}","templated":true}]}}